(y) be the second derivative of y**7/2520 - y**6/90 + y**5/30 + 5*y**4/12 - y. Let n(x) be the third derivative of m(x). Give n(5).
-11
Suppose z - 2*i = -6, -2*i + 5*i = 5*z + 30. Let c(w) = -2*w**2 + 0*w**3 + 3 - w**3 - 4*w**2. Determine c(z).
3
Let g(i) be the third derivative of -2/3*i**3 + 0*i + 0 + 2*i**2 - 1/30*i**5 + 1/8*i**4. Give g(3).
-13
Let l(x) be the second derivative of x**3/3 + 9*x**2/2 - x. Determine l(-6).
-3
Let v(l) = -5 + 7 - 5*l + 4*l**2 + l**3 - 1. Give v(-5).
1
Suppose 0 = -3*b + 4*w - 2*w - 7, 2*b - 4*w + 2 = 0. Let j(g) be the second derivative of -g**4/12 - g**3/2 - 2*g. What is j(b)?
0
Let t(d) = -d**2 + 9. Let v = 5 - 4. Let w be 0/(-1*(v + 0)). Calculate t(w).
9
Let d(b) = 36 - 16 + b**3 + 4*b + 4*b**2 - 7 - 10. Calculate d(-4).
-13
Let u(y) = 26*y**2 + y + 2 - 3 - 24*y**2. Suppose -4*i = -2*i - 12. Let z(w) = w - 8. Let m be z(i). Determine u(m).
5
Let p(t) be the second derivative of -5*t**3/6 + t**2/2 + t. Let q(u) = 2*u - 2*u**3 + u**3 + 2 - 3*u**2 + 3*u + 3. Let z be q(-4). What is p(z)?
-4
Let x(i) = 6*i**2 - 3*i + 2. Let l(k) = -5*k**2 + 4*k - 2. Let h(c) = -5*l(c) - 4*x(c). What is h(5)?
-13
Let y(t) = -t**2 - 6*t - 2. Let b be y(-6). Let u = b - -9. Let m = u - 10. Let f(a) = -a**2 - a - 2. Give f(m).
-8
Let n(v) = -9 - 8 - 2*v**2 + 15 + v**3. Give n(2).
-2
Let y(n) = -n**2 + n + 3. Let w(o) = 3*o**2 - 3*o - 8. Let l(p) = -2*w(p) - 7*y(p). Let b(f) = f**2 + f - 1. Let z be b(-2). Let a = 5 - z. Determine l(a).
7
Suppose 0 = 5*z - a + 2*a + 40, 0 = -5*z - 3*a - 30. Let i = z - -6. Let y(n) = n + 1. What is y(i)?
-2
Let q(r) = 9*r - 4. Let s(h) = -3*h + 1. Let w = 10 + -7. Let g(j) = w*q(j) + 8*s(j). Determine g(3).
5
Let k(p) = -8*p - 2. Let y be k(-2). Suppose -4*i + w + 1 = 0, w = -2*i - 3*w + y. Suppose -i + 4 = -3*x. Let r(z) = -4*z**3 - z**2. What is r(x)?
3
Let a(g) = g**2 + 5*g + 4. Let v(p) = 5*p**3 - p**2 - p. Let l be v(-1). Give a(l).
4
Suppose 0 = -4*i - 0 - 8. Suppose 5*v = -u + 20, -5*u + 3*u - 4*v = -22. Let x(y) = -u*y + 0*y - 1 - 1. What is x(i)?
8
Let a(c) be the second derivative of -c**4/12 - 2*c**3/3 + c**2 + 9*c. Give a(-4).
2
Let w(b) be the second derivative of -b**5/20 - b**4/3 - b**3/2 - 3*b**2 + b. Let u(o) = 6*o + 2. Let i be u(-1). Calculate w(i).
6
Let z(h) = h**3 + 8*h**2 + 8*h + 10. Let c = -6 + -1. Calculate z(c).
3
Suppose -5*k + 4 + 1 = 0. Let y(n) = 3*n + 9. Let v(z) = 1. Let g be 18/14 - 2/7. Let h(s) = g*y(s) - 9*v(s). Determine h(k).
3
Let w(f) be the second derivative of f**3/2 + 4*f**2 - 20*f. Calculate w(-7).
-13
Let t = -15 + 19. Let k(n) = n**2 - 3*n - 1. What is k(t)?
3
Let i(f) = -2*f + 6. Let l(k) = -7*k + 23. Let q(j) = 22*i(j) - 6*l(j). Calculate q(-6).
6
Let i(o) = -o**3 + o + 1. Let p be (-2)/11 - (-756)/44. Let y = -15 + p. Determine i(y).
-5
Let f(u) = u**2 + 2*u - 7. Let a be -7 - ((1 - -1) + 1). Let l be (a/(-4))/(2/(-4)). Calculate f(l).
8
Let j = 5 + -8. Let p = j - -8. Let d(f) = 1862*f**2 - 1863*f**2 + 3*f + 3*f. Give d(p).
5
Let p = 2 + -2. Suppose -1 = -z - p*z. Let g(y) = -7*y**3 + y**2 - 2*y + 1. Determine g(z).
-7
Let c be 0/((1 - -1) + 0). Suppose 4*d = -c + 4. Let z(t) = -10*t**2 - 2*t + 1. Give z(d).
-11
Suppose 0 = 3*c + 3 - 12. Suppose c*r + 4 = -g, 2*r = -r + g + 4. Let z(y) = y**3 - y**2 + y + 1. Determine z(r).
1
Let c(r) be the third derivative of -r**6/120 - r**5/15 - r**4/12 - r**3/3 - 15*r**2. Suppose 3*g - 7 = 3*b + 8, -4*g + 12 = 0. Give c(b).
-6
Let m(x) = x**3 - 4*x**2 - 6*x + 6. Let q be m(5). Let a(z) = z**3 + 1. What is a(q)?
2
Let f(b) = -b + 4. Let i = -17 + 24. Give f(i).
-3
Let a(v) = 9*v + 11. Let p(s) = 5*s + 6. Let n(k) = -6*a(k) + 11*p(k). Suppose 2*x - 2 = 7*x + 4*z, 3*x + 12 = 3*z. What is n(x)?
-2
Suppose f + 3*f - 4 = 0. Let r be 0/(3/f) + 1. Let z(x) be the first derivative of -3*x**2 + x + 4. Give z(r).
-5
Let x(g) = -g - 1. Let o(y) = 6*y. Let a(z) = -o(z) - 8*x(z). Give a(-7).
-6
Let l(p) = 5*p**2 + 8*p + 2. Let r(o) = o**2 + 7*o - 3. Let k(j) = j**2 + 4*j - 1. Let z(v) = -7*k(v) + 3*r(v). Let d(n) = -5*l(n) - 6*z(n). Give d(3).
-1
Let s(r) = -146*r**3 + 145*r**3 + 0*r - 3*r + 2*r**2 + 2*r. Suppose -2*x = -4*x. Suppose -b + 3*b - 4 = x. What is s(b)?
-2
Suppose 15 = 3*y, 3*g - y - 34 = -9. Let v = 15 - g. Let c(n) be the first derivative of -n**3/3 + 3*n**2 - 6*n - 2. Determine c(v).
-1
Let r(w) = w**3 - w**2 - w. Suppose 4*h - 5 = 3. Let y(k) = 6*k**2 + 5*k + 1. Let a(x) = h*r(x) + y(x). Give a(-2).
-5
Let s = 18 + -12. Let n(y) = -y + 3. Give n(s).
-3
Let q = 22 - 12. Let z be (12/q)/(2/5). Let b(f) = f - 2 + f + z. What is b(-4)?
-7
Let k(i) = i**3 - 7*i**2 + 5*i + 6. Suppose x - 3 = 3. Let l be k(x). Let a(o) = -o**2 + 1. Let p(j) = -2*j**2 - j + 5. Let v(q) = -3*a(q) + p(q). Give v(l).
2
Let g(y) = y - 5. Let d(s) = -3*s - 9. Let m(c) = 4*c + 10. Let p(z) = 5*d(z) + 4*m(z). Suppose -41 = -5*u - 11. Let h(o) = u*g(o) - 7*p(o). Determine h(4).
1
Let z(m) = -5*m - 4. Let k(j) = 1. Let n(w) = -7. Let y(h) = 6*k(h) + n(h). Suppose 2*c + 0*x + 18 = 2*x, c - 3*x = -17. Let o(t) = c*y(t) + z(t). Give o(-1).
6
Let t(n) = -n**2 - n - 3. Let x(l) = -l**2 - 2*l - 4. Let v(a) = 3*t(a) - 4*x(a). Give v(-6).
13
Let z(n) = -9*n. Let y(w) = 2*w**3 + w**2 - w - 1. Let t be (4/(-6))/((-2)/(-3)). Let d be y(t). What is z(d)?
9
Let m(z) = z**2 - z. Let u(o) = -o**3 - o**2 + 3*o - 3. Let d(i) = -6*m(i) - u(i). What is d(3)?
-6
Let o(l) = -14 + 0*l - l - 3. Calculate o(-7).
-10
Let w(n) = n**2 + 13*n + 14. Let m be w(-12). Let q(x) = 3*x**2 + 6*x + 2*x**m - 4*x - 2*x**2. Determine q(-2).
8
Let a(u) = -3*u. Let m be ((-2)/(-1) - 4) + 1. Determine a(m).
3
Let x be -5 - 2*-1 - 152/(-19). Let f(c) = c**3 - 6*c**2 + 5*c - 7. What is f(x)?
-7
Suppose 2*c - 5*c = -12. Let b(i) = c*i**2 + i**3 + 6*i**3 - 3*i**2. Determine b(1).
8
Let x(t) = 9*t + 3. Let l(f) = -2 - f - f - 3*f + f. Let w(u) = -u - 9. Let d be w(-4). Let v(c) = d*l(c) - 3*x(c). What is v(1)?
-6
Let y(c) = -c - 4 + 2 - 3*c + 0. What is y(2)?
-10
Let t(p) = p**3 + p**2 - p + 1. Let g(d) = 3*d**3 + 5*d**2 - 3*d + 1. Let z(s) = -g(s) + 4*t(s). Calculate z(0).
3
Let n(d) = -9*d + 7. Let j(i) = -5*i + 4. Let x(p) = 7*j(p) - 4*n(p). Let g(u) = -u. Suppose 0 = -3*a - a + 4. Let f(o) = a*x(o) - 6*g(o). What is f(-1)?
-7
Let d(k) = k + 1. Let f(n) = 2*n + 4. Let o(j) = 5*d(j) - f(j). Calculate o(-2).
-5
Let q(o) = 39*o**2 - 1 - 34*o**2 + o**3 + 2 - 2*o**3 + 2*o. What is q(4)?
25
Let t(p) = -10*p**2 + 28*p + 18. Let c(x) = -7*x**2 + 19*x + 12. Let q(o) = -7*c(o) + 5*t(o). Give q(8).
-2
Let r = 18 - 23. Let g(b) = -b**2 - 7*b - 4. Give g(r).
6
Let q(g) = 7*g - 10. Let h(a) = -4*a + 5. Let n(m) = -5*h(m) - 3*q(m). Give n(5).
0
Let a(r) = -4 + 3*r**2 + r - 5*r**2 + 3*r**2. Let d(b) = 4 + b**2 + 2*b - b - 8. Let n(x) = -5*a(x) + 6*d(x). Calculate n(-3).
2
Let p(z) = 4*z - 4. Let t(s) = -3*s + 4. Let w(o) = -5*p(o) - 6*t(o). Determine w(-3).
2
Let j(g) = -g**3 - g**2 + g. Let u(r) = -2*r**3 - 6*r**2 + 5*r - 2. Let d(q) = 3*j(q) - u(q). What is d(2)?
2
Let v(i) be the first derivative of i**2/2 - i + 16. What is v(8)?
7
Let b(y) = -3*y**3 + 19*y**2 + 18*y + 4. Let r(x) = 2*x**3 - 13*x**2 - 12*x - 3. Let u(m) = 5*b(m) + 7*r(m). Let q(j) = 3*j + 5. Let c be q(0). What is u(c)?
4
Let a(x) = -x**3 + 2*x**2 + 4 - 7*x**2 + 0*x**2. Determine a(-4).
-12
Let t be -6 - -4 - 32/(-12). Let q(k) be the second derivative of -1/12*k**4 + 0 + 1/2*k**2 - 2*k + t*k**3. Give q(2).
5
Suppose 7*c - 2*c - 30 = 0. Let n(l) = l**2 - 8*l + 3. Determine n(c).
-9
Let p be (20/(-2))/(1*-2). Let c(v) be the first derivative of v**3/3 - 5*v**2/2 + 4*v - 3. What is c(p)?
4
Suppose 2 = -a, 2*z + 1 = a + 13. Let j(t) = -t**2 + 6*t - 4. What is j(z)?
1
Let b(d) = d + d**3 + 17*d**2 - 5 + 0*d**3 - 11*d**2. Calculate b(-5).
15
Let o(f) = -6*f**2 - 2 + 6 + f**3 + f**2 + f - 2. Suppose 23 = 4*r + 7. Suppose -4*h + 28 = -0*v + r*v, -4*h = -5*v - 10. Calculate o(h).
7
Suppose -3*q = 2 - 11. Suppose -2*l = 3*r + 5, -q*r - 11 = -l - 0*l. Suppose -l*o = -o. Let g(m) = -m - 6. What is g(o)?
-6
Let u(i) = -i**2 + 11*i + 7. Let z(q) = -q**2 - 14*q - 36. Let c be z(-8). Give u(c).
-5
Let b = -25 - -31. Let w(t) = -t + 1. Determine w(b).
-5
Let u(j) = -j**3 + 4*j**2 + 3*j + 3. Suppose -2*n + 4 = 8. Let o(y) = -5*y + y - 3 + 0*